e 12, what is 2 - -321?
323
In base 13, what is -4 - -13?
c
In base 15, what is -3 - -5?
2
In base 5, what is 24 + -430?
-401
In base 15, what is -419 - 7?
-421
In base 4, what is 31330 - -10?
32000
In base 11, what is 16 - 0?
16
In base 3, what is 211022 + 0?
211022
In base 14, what is -5 - 27?
-2c
In base 12, what is -568 - -2?
-566
In base 12, what is -4b - a?
-59
In base 10, what is -448 + -4?
-452
In base 9, what is 3 + -132?
-128
In base 7, what is -43060 + 4?
-43053
In base 4, what is -22 - -30?
2
In base 9, what is 4 - 5?
-1
In base 12, what is 0 + -68b?
-68b
In base 15, what is -1a0 + -3?
-1a3
In base 15, what is -6 - -b3?
ac
In base 14, what is -5 + -26?
-2b
In base 4, what is -3 - -20123?
20120
In base 10, what is 3604 - -3?
3607
In base 8, what is -1 - -45?
44
In base 5, what is 24313 - 1?
24312
In base 7, what is -11632 - -5?
-11624
In base 5, what is -201 + -221?
-422
In base 8, what is -265 - -2?
-263
In base 14, what is 585 + -1?
584
In base 3, what is 21120 - -1?
21121
In base 2, what is 10010 - -1?
10011
In base 8, what is 4660 + -17?
4641
In base 10, what is -79 + 1?
-78
In base 11, what is 4347 - -1?
4348
In base 15, what is -4 + -175c?
-1761
In base 8, what is 257 - 0?
257
In base 15, what is -cb + -28?
-104
In base 16, what is -35b + -6?
-361
In base 5, what is -1 - -24340?
24334
In base 16, what is -13 + 2b?
18
In base 2, what is -1111 + -10000?
-11111
In base 10, what is 4 - -2?
6
In base 6, what is 2 + 552?
554
In base 4, what is 323132 + -11?
323121
In base 6, what is 2212 + 0?
2212
In base 5, what is -4140 + 10?
-4130
In base 16, what is 38 - 3e?
-6
In base 15, what is -3139 + -4?
-313d
In base 13, what is 3 + -249?
-246
In base 5, what is 10 - 10?
0
In base 13, what is -8a + -5b?
-118
In base 14, what is -2 - -1a?
18
In base 8, what is -11512 + 5?
-11505
In base 4, what is 0 + 12312?
12312
In base 10, what is -2 + 1480?
1478
In base 5, what is 10 + 12?
22
In base 12, what is -772 + -5?
-777
In base 9, what is 12 - -33?
45
In base 16, what is 4 + -92?
-8e
In base 16, what is 6 + -60?
-5a
In base 14, what is -33b + 0?
-33b
In base 7, what is -46 - -22?
-24
In base 4, what is 112013 + 0?
112013
In base 14, what is -b94 + -1?
-b95
In base 2, what is -11 - -100111010?
100110111
In base 14, what is -c + 49?
3b
In base 10, what is -26 - 2?
-28
In base 15, what is -23 - -177?
154
In base 13, what is -a7 + -4?
-ab
In base 3, what is -100 - 10?
-110
In base 15, what is -1d4 - -6?
-1cd
In base 11, what is -1749 - 6?
-1754
In base 8, what is 7 + 1133?
1142
In base 13, what is -8 - -11?
6
In base 2, what is 0 - -11010000100?
11010000100
In base 11, what is -3 - 18?
-20
In base 2, what is -1 - 1001?
-1010
In base 10, what is -353 - -6?
-347
In base 8, what is 0 - -17?
17
In base 15, what is -38 + -23?
-5b
In base 11, what is 602 + 0?
602
In base 13, what is -21 + -1?
-22
In base 2, what is 10000001011010 + 10?
10000001011100
In base 11, what is 51 - -28?
79
In base 3, what is -1002212 + -12?
-1010001
In base 10, what is 470 + 4?
474
In base 14, what is 51 + -21?
30
In base 6, what is 10423 + 4?
10431
In base 12, what is 3971 - -5?
3976
In base 12, what is -8 - 4b2?
-4ba
In base 16, what is -49 - 3?
-4c
In base 9, what is 5 - 1021?
-1015
In base 9, what is 104 - 5?
88
In base 16, what is -2 - -9de?
9dc
In base 5, what is 102 - -42?
144
In base 12, what is -6 + -a6?
-b0
In base 13, what is 1 + 91?
92
In base 4, what is -210 - 1221?
-2031
In base 10, what is 42 + 19?
61
In base 12, what is -2 - -bb?
b9
In base 8, what is -1 + 643?
642
In base 3, what is 1 - 1010?
-1002
In base 10, what is -197 + -1?
-198
In base 12, what is -1291 - 2?
-1293
In base 2, what is -101010010010101 + -10?
-101010010010111
In base 6, what is 3 - 31?
-24
In base 14, what is -34 - -1b8?
184
In base 11, what is 17 - -183?
19a
In base 15, what is -1 - -7b5?
7b4
In base 14, what is -4 - -1683?
167d
In base 4, what is -1 + -3232?
-3233
In base 9, what is -472 - 3?
-475
In base 12, what is 3 + b3?
b6
In base 2, what is 100 + -111110?
-111010
In base 11, what is 59 - 27?
32
In base 14, what is -5 + -38?
-3d
In base 15, what is -3 + 15c?
159
In base 10, what is -30 - -13?
-17
In base 3, what is 1010 - -101020?
102100
In base 10, what is 3 + 193?
196
In base 2, what is 1001001000110 + 11?
1001001001001
In base 7, what is -5 - 2?
-10
In base 8, what is 2 - -1423?
1425
In base 2, what is -100001001 - -101?
-100000100
In base 4, what is -12 + 13?
1
In base 10, what is 2695 - 1?
2694
In base 8, what is -56 - -10?
-46
In base 9, what is -30 - 42?
-72
In base 9, what is 758 + -16?
742
In base 14, what is -9d + 8?
-95
In base 7, what is 162 + -5?
154
In base 3, what is -22221 - -2?
-22212
In base 8, what is -712 - -10?
-702
In base 9, what is -5 - 2067?
-2073
In base 13, what is 0 + 56?
56
In base 3, what is 2212221 - 12?
2212202
In base 10, what is -1 - 2634?
-2635
In base 3, what is -12 - 101221112?
-101221201
In base 7, what is 4 - -205?
212
In base 7, what is -1642 + -2?
-1644
In base 8, what is 3 + 53?
56
In base 12, what is -b91b - -3?
-b918
In base 12, what is -1628 - -3?
-1625
In base 2, what is 1 + 11000?
11001
In base 16, what is 16b9 - -4?
16bd
In base 6, what is 3 - -40?
43
In base 5, what is 2 - -120?
122
In base 16, what is -13 + -1?
-14
In base 14, what is 3 - -1a22?
1a25
In base 16, what is -5b + 5?
-56
In base 6, what is 2104 - -5?
2113
In base 12, what is 0 + 417?
417
In base 10, what is -202 + -5?
-207
In base 6, what is -2 - -2331?
2325
In base 11, what is -4 + 46?
42
In base 2, what is -11000100101001 + 11?
-11000100100110
In base 2, what is -11 - -100000?
11101
In base 7, what is -14 - -64?
50
In base 5, what is -1 - 143223?
-143224
In base 14, what is -5 - -3a?
35
In base 2, what is 100111 - 100?
100011
In base 11, what is 1903 + 1?
1904
In base 11, what is 481 + 4?
485
In base 5, what is 1304 + -13?
1241
In base 14, what is 3 + -142?
-13d
In base 13, what is 145c + 4?
1463
In base 3, what is 10 - 21?
-11
In base 7, what is -3 + -5?
-11
In base 6, what is 5 - 3530?
-3521
In base 12, what is 94 - 81?
13
In base 14, what is -5 - 130?
-135
In base 14, what is -248 - 11?
-259
In base 2, what is 101 + -11101010000?
-11101001011
In base 3, what is 200 + 200001?
200201
In base 5, what is 0 - 432?
-432
In base 12, what is 19 + 2b?
48
In base 11, what is -87 - -18?
-6a
In base 9, what is -15 - 22?
-37
In base 3, what is 110120 + -2?
110111
In base 4, what is -21230 - -11?
-21213
In base 7, what is -3 + -140?
-143
In base 6, what is -2251 - 4?
-2255
In base 2, what is -101 + -10011?
-11000
In base 13, what is 3c - -2b?
6a
In base 7, what is 11 - -10?
21
In base 11, what is -6 + 6?
0
In base 10, what is -2920 - -4?
-2916
In base 5, what is 144 - 10?
134
In base 12, what is -2 - 276b?
-2771
In base 5, what is -4 + 3123?
3114
In base 11, what is 1 + -3667?
-3666
In base 16, what is -6c + -5?
-71
In base 3, what is 12 + 10212?
11001
In base 15, what is 5 + 9?
e
In base 9, what is -620 + -2?
-622
In base 8, what is 5 + -4?
1
In base 14, what is a46 + -5?
a41
In base 10, what is -45 - 5?
-50
In base 10, what is -15 - 339?
-354
In base 13, what is -a - -1?
-9
In base 4, what is 12130 + 3?
12133
In base 16, what is -22 + -2?
-24
In base 3, what is 11 + 11011122?
11011210
In base 11, what is -498 + -4?
-4a1
In base 3, what is 2 + 2212?
2221
In base 5, what is -1040 + -3?
-1043
In base 16, what is 2a - -5?
2f
In base 9, what is 11 - -7?
18
In base 14, what is -2 + -226?
-228
In base 3, what is 21101 - 12?
21012
In base 14, what is 11 - 4?
b
In base 11, what is 8 + -39?
-31
In base 9, what is 570 + -37?
532
In base 3, what is 10022112 + 10?
10022122
In base 15, what is 4 + -39?
-35
In base 16, what is 3e - -33?
71
In base 8, what is -140 - 2?
-142
In base 11, what is -527 + 5?
-522
In base 3, what is 1 - -2210221?
2210222
In base 14, what is 85a5 - -4?
85a9
In base 11, what is -711 + 0?
-711
In base 8, what is -5067 - -2?
-5065
In base 11, what is -10783 - 4?
-10787
In base 12, what is -16 - 6?
-20
In base 7, what is 3 + 4?
10
In base 3, what is -1001 + 222120?
221112
In base 3, what is 1022220 - 1?
1022212
In base 6, what is -3 - 320?
-323
In base 12, what is -b - -248?
239
In base 12, what is -4b + -37?
-86
In base 4, what is -2 + -20?
-22
In base 13, what is -54 